mmon divisor of 429 and 39?
39
Calculate the highest common factor of 87 and 7859.
29
Calculate the highest common factor of 43 and 301.
43
What is the highest common divisor of 42 and 4578?
42
Calculate the highest common divisor of 130 and 338.
26
Calculate the greatest common divisor of 88 and 2178.
22
What is the highest common divisor of 104 and 13?
13
What is the highest common factor of 3955 and 175?
35
Calculate the highest common factor of 609 and 42.
21
Calculate the highest common divisor of 75 and 6.
3
Calculate the highest common factor of 682 and 2618.
22
Calculate the highest common factor of 1120 and 2135.
35
What is the greatest common divisor of 1 and 2256?
1
What is the greatest common factor of 3360 and 35?
35
Calculate the highest common divisor of 34 and 1105.
17
Calculate the highest common factor of 1512 and 168.
168
Calculate the greatest common factor of 1140 and 315.
15
Calculate the greatest common factor of 33 and 22.
11
What is the highest common divisor of 1133 and 1236?
103
Calculate the greatest common divisor of 13 and 221.
13
Calculate the highest common factor of 1089 and 9.
9
What is the highest common divisor of 707 and 505?
101
What is the highest common factor of 9 and 6?
3
Calculate the highest common factor of 40 and 9320.
40
Calculate the highest common factor of 20691 and 38.
19
Calculate the greatest common divisor of 20 and 150.
10
Calculate the highest common divisor of 49 and 1421.
49
What is the highest common divisor of 46 and 782?
46
What is the greatest common divisor of 12 and 1503?
3
Calculate the highest common factor of 1608 and 3417.
201
Calculate the greatest common factor of 205 and 5.
5
What is the greatest common factor of 2220 and 6?
6
What is the highest common divisor of 65 and 403?
13
What is the highest common factor of 529 and 69?
23
Calculate the highest common factor of 27 and 63.
9
What is the highest common factor of 1200 and 225?
75
What is the highest common factor of 33 and 44?
11
Calculate the greatest common factor of 56 and 252.
28
Calculate the greatest common divisor of 1 and 659.
1
Calculate the greatest common divisor of 210 and 30.
30
What is the highest common divisor of 264 and 15?
3
What is the highest common divisor of 430 and 3182?
86
What is the greatest common divisor of 140 and 204?
4
Calculate the greatest common divisor of 2800 and 336.
112
What is the highest common divisor of 77 and 84?
7
Calculate the highest common divisor of 65 and 5460.
65
Calculate the highest common factor of 129 and 43.
43
What is the greatest common divisor of 495 and 22?
11
Calculate the highest common divisor of 1898 and 292.
146
Calculate the highest common divisor of 9 and 453.
3
What is the greatest common factor of 220 and 88?
44
Calculate the highest common divisor of 182 and 86.
2
What is the greatest common factor of 11361 and 21?
21
Calculate the highest common factor of 648 and 243.
81
Calculate the highest common divisor of 156 and 3.
3
Calculate the greatest common factor of 297 and 108.
27
What is the greatest common divisor of 735 and 15?
15
What is the greatest common factor of 138 and 46?
46
Calculate the highest common divisor of 18 and 4842.
18
Calculate the greatest common factor of 372 and 5022.
186
What is the greatest common divisor of 68 and 4?
4
Calculate the greatest common factor of 96 and 60.
12
What is the highest common divisor of 69 and 69?
69
What is the greatest common factor of 64 and 804?
4
Calculate the highest common factor of 3140 and 160.
20
What is the highest common factor of 5 and 535?
5
What is the highest common divisor of 1188 and 572?
44
What is the highest common factor of 16 and 7696?
16
Calculate the highest common divisor of 140 and 84.
28
Calculate the highest common divisor of 325 and 1105.
65
What is the greatest common divisor of 20 and 260?
20
Calculate the greatest common factor of 171 and 18.
9
Calculate the highest common factor of 408 and 340.
68
What is the greatest common factor of 128 and 1376?
32
What is the highest common factor of 2124 and 420?
12
Calculate the highest common factor of 150 and 125.
25
Calculate the highest common factor of 198 and 726.
66
What is the highest common divisor of 28 and 1218?
14
What is the highest common divisor of 44 and 121?
11
What is the greatest common divisor of 56 and 20?
4
Calculate the greatest common divisor of 363 and 8833.
121
What is the greatest common divisor of 6 and 46?
2
What is the greatest common factor of 104 and 88?
8
What is the greatest common factor of 110 and 33?
11
What is the highest common factor of 4888 and 104?
104
Calculate the highest common divisor of 738 and 36.
18
Calculate the highest common factor of 2 and 2328.
2
What is the greatest common factor of 1836 and 108?
108
What is the highest common divisor of 50 and 1350?
50
What is the greatest common divisor of 598 and 104?
26
Calculate the highest common divisor of 38 and 2546.
38
What is the greatest common divisor of 1224 and 72?
72
What is the highest common factor of 156 and 12?
12
Calculate the highest common factor of 27 and 423.
9
Calculate the greatest common factor of 23 and 1058.
23
Calculate the highest common factor of 23717 and 74.
37
Calculate the highest common factor of 48 and 75.
3
Calculate the highest common factor of 6 and 2.
2
Calculate the greatest common divisor of 21754 and 298.
298
What is the highest common divisor of 8 and 216?
8
What is the greatest common divisor of 45441 and 187?
187
What is the greatest common divisor of 1748 and 184?
92
Calculate the greatest common divisor of 12204 and 54.
54
What is the highest common divisor of 78 and 1248?
78
Calculate the greatest common factor of 936 and 288.
72
Calculate the greatest common divisor of 1036 and 140.
28
What is the greatest common factor of 7160 and 180?
20
What is the highest common divisor of 3085 and 5?
5
What is the highest common divisor of 234 and 1560?
78
Calculate the highest common divisor of 602 and 154.
14
Calculate the greatest common factor of 64 and 832.
64
What is the highest common divisor of 57798 and 39?
39
What is the highest common factor of 18 and 549?
9
What is the highest common divisor of 43 and 86?
43
Calculate the highest common factor of 9588 and 94.
94
Calculate the highest common factor of 21900 and 100.
100
Calculate the highest common divisor of 168 and 6216.
168
What is the highest common factor of 51 and 1139?
17
What is the highest common divisor of 44 and 748?
44
What is the highest common factor of 48 and 216?
24
Calculate the greatest common divisor of 35 and 3605.
35
Calculate the highest common divisor of 100 and 800.
100
What is the greatest common divisor of 4394 and 26?
26
What is the highest common factor of 2172 and 12?
12
Calculate the greatest common divisor of 18 and 2367.
9
What is the highest common divisor of 15 and 5385?
15
Calculate the greatest common divisor of 1092 and 168.
84
What is the greatest common divisor of 5194 and 106?
106
Calculate the highest common factor of 59 and 2.
1
Calculate the greatest common divisor of 306 and 102.
102
What is the greatest common divisor of 154 and 280?
14
What is the highest common factor of 24909 and 69?
69
What is the highest common factor of 22 and 1331?
11
Calculate the highest common divisor of 616 and 77.
77
Calculate the greatest common factor of 50 and 130.
10
What is the highest common divisor of 5 and 35820?
5
Calculate the highest common divisor of 243 and 12.
3
What is the greatest common divisor of 5 and 35?
5
Calculate the greatest common divisor of 54 and 1791.
9
Calculate the highest common divisor of 280 and 896.
56
Calculate the greatest common factor of 1850 and 100.
50
What is the highest common divisor of 17 and 1?
1
What is the greatest common factor of 72 and 2232?
72
What is the highest common factor of 76 and 38?
38
Calculate the greatest common factor of 243 and 45.
9
Calculate the greatest common divisor of 1846 and 26.
26
What is the greatest common factor of 360 and 27?
9
Calculate the greatest common divisor of 10 and 1270.
10
What is the greatest common factor of 39 and 10920?
39
What is the greatest common divisor of 230 and 110?
10
Calculate the highest common factor of 1503 and 